= 0. What is the greatest common divisor of v and 1270?
10
Let p be ((-5)/(-1) - 1) + -2. Suppose 0*a = -p*a + 26. Suppose 29*t = 702 + 806. What is the greatest common divisor of t and a?
13
Suppose -4432 = -12*i - 2668. Calculate the highest common divisor of i and 399.
21
Suppose 2*r = i - 3080 + 3479, -r + 168 = 3*i. What is the highest common factor of r and 840?
15
Let v(c) = -c**3 - 4*c**2 + 2*c - 9. Let k be v(-5). Suppose -k*r + 0*r + 192 = 0. What is the greatest common divisor of 4 and r?
4
Let b be (10 - (-184)/(-20)) + (-816)/(-5). Calculate the greatest common divisor of b and 123.
41
Let t be (-1*13 - (15 - 29))/(1/15086). Calculate the highest common divisor of t and 38.
38
Let d = 21 - 9. Let o be 4/(-12)*3*-615. Suppose o*h - 60 = 614*h. Calculate the greatest common divisor of d and h.
12
Let n = -194 + -100. Let k = 334 + n. Calculate the highest common divisor of k and 25.
5
Let n(a) = -11*a**3 - 11*a**2 + 11*a - 3. Let h be n(-3). Calculate the greatest common divisor of 4698 and h.
162
Suppose 7*q - 4*d = 12*q - 1240, -d = 4*q - 1003. Calculate the greatest common factor of 63 and q.
63
Suppose 86*o - 22659 = -163*o. What is the greatest common divisor of o and 1703?
13
Suppose 27 = 12*b - 321. Suppose -b = -7*v + 5*v - f, 0 = -5*v - 4*f + 65. Calculate the highest common divisor of 68 and v.
17
Let i = 0 - -3. Let v be (i + -4)/1 - -91. Suppose -4*d = -m + 26, 61 = 4*m + 3*d - 62. What is the highest common divisor of v and m?
30
Suppose 0 = -3*y - 18 - 30. Let c be 12/y*-4 - (2 + -29). Suppose r + 5*o = 7, 3*r = -0*o - o + 35. What is the greatest common factor of r and c?
6
Let s be (-165)/66*24/(-10). Suppose -s*m + 429 - 51 = 0. Calculate the highest common factor of m and 49.
7
Let m be 17/((-408)/1476)*40/6. Let g = 427 + m. What is the highest common factor of 391 and g?
17
Let z be 1/4 + (-58)/8. Let p = -3 - z. Suppose -52 = 98*u - 99*u - 6*x, 16 = 2*x. Calculate the highest common divisor of p and u.
4
Suppose 18*s = -3*c + 23*s + 370, -2*c = 5*s - 305. Calculate the greatest common factor of c and 10395.
135
Suppose 3*g + 173 = 3*y - 91, 4*y = g + 73. Let n = 114 + g. Calculate the highest common divisor of n and 7.
7
Let r(u) = 7 + 54*u**2 + 65*u**2 - 103*u**2 + 2*u. Let f be r(-3). What is the greatest common factor of 87 and f?
29
Let w = 13512 + -2712. Calculate the greatest common factor of w and 160.
80
Let o be (5 + 0)/(4/172) - (0 + -5). Calculate the highest common divisor of o and 310.
10
Let u = 306 + -283. Suppose 3360 + 987 = u*x. Calculate the highest common divisor of 84 and x.
21
Let w = 2 - 3. Suppose -3*s = 4*r - 53 + 5, 4*s = 3*r - 61. Let c = w + r. Calculate the highest common divisor of c and 112.
14
Let k be (-3)/78*4 + (-3094)/(-338). Let o be (6 - (-264)/k)*(-6)/(-4). What is the greatest common divisor of o and 1431?
53
Suppose -117216 = -98*u + 110634. What is the highest common factor of u and 1116?
93
Suppose 0 = -5*j + 10, 0*j + 2924 = 2*v + 4*j. Let o be v/(5 - -1) + (-3 - -9). What is the greatest common divisor of 415 and o?
83
Let g(z) = 8*z + 123. Let o be g(-12). Let r(b) = 5 - b - b**3 + 3*b**3 - 3*b**2 + 0*b. Let i be r(4). Calculate the highest common factor of i and o.
27
Let z(t) = t**3 + 12*t**2 + 10*t + 50. Let b be z(-10). What is the greatest common factor of 2025 and b?
75
Let w = 5513 + -5498. Calculate the highest common divisor of 18015 and w.
15
Suppose -5*g = 38*y - 33*y - 75, 2*y + 5 = 5*g. Calculate the highest common factor of 730 and y.
10
Suppose h - 3*l = 13, 5*h + 15*l - 32 = 19*l. Let j be (-142076)/(-88) - (-2)/h. Calculate the greatest common factor of 17 and j.
17
Suppose -22*p + 19283 = 22*p - 26389. Calculate the greatest common divisor of 2941 and p.
173
Let z(x) be the second derivative of 10/3*x**3 + 7/2*x**2 + 0 + 1/4*x**4 - 10*x. Let l be z(-7). What is the greatest common factor of l and 7?
7
Let c = 15001 + -1795. What is the highest common factor of 186 and c?
186
Suppose 5*g - 126 = 2*r + 88, -g + 3*r = -48. Suppose b + b = g. Let o = 132 - 129. What is the highest common divisor of o and b?
3
Let a(h) = -8*h. Let x be a(1). Let o(q) be the second derivative of -q**3/2 - q**2 + q - 3. Let p be o(x). Calculate the greatest common factor of p and 2.
2
Let k = -113 - -132. Suppose 0 = -5*x - 3*g - 2*g + 45, 3*x + 5*g = k. Suppose -x*a + 18*a = 5. What is the highest common divisor of a and 13?
1
Suppose 3*l - 2*l = -3*s - 6, 27 = 4*l - 5*s. Let y be (28/l)/((-7)/(-42)). What is the highest common divisor of y and 14?
14
Let a(k) = k**3 - 12*k**2 - 51*k - 62. Let f be a(19). What is the highest common divisor of 935 and f?
187
Let m(h) = h + 3*h**2 + 38 + 3*h**2 - 31. Let t be m(7). Calculate the greatest common factor of t and 44.
44
Suppose -13*s = -2*s + 66. Let a be (s/(-4) - -3)*(-2)/3. Let h be a/(45/(-372)) + 3/15. Calculate the greatest common factor of h and 5.
5
Let f(o) = 7*o**2 + 25*o - 10. Let w(y) = -3*y**2 - 13*y + 4. Let z(l) = -2*f(l) - 5*w(l). Let t be z(-18). What is the highest common divisor of 72 and t?
18
Let f be 3 + (5 - 3)/2. Suppose -2*y = f*p - 4, -3*y - 5*p + 0*p + 3 = 0. Let v be (-3)/y*4*(-24)/(-4). What is the greatest common divisor of v and 48?
6
Let m(l) = 13*l - 7*l**2 + 2*l**2 + 34399 - 34404. Let d be m(2). What is the highest common divisor of 23 and d?
1
Suppose -929 = -2*i + 5*x + 305, 2*i - 3*x = 1230. Calculate the greatest common factor of i and 272.
68
Let v be 16/104 - 1292/(-52). Let k be (-56*4)/((-9)/(v - 7)). What is the greatest common factor of 56 and k?
56
Let f = -60 - -123. Suppose -3*s - 524 = -9*s - 20. What is the highest common factor of f and s?
21
Let s = 301 + -1000. Let x = 786 + s. Calculate the greatest common divisor of x and 232.
29
Let i = -32411 - -32955. Suppose -4*c = 2*p - 44, 0*p + 37 = p - c. What is the greatest common divisor of p and i?
32
Suppose 46*l = 41*l - 2*d + 9625, 7713 = 4*l - d. Calculate the greatest common factor of 164 and l.
41
Suppose 2*f = -p + 97 + 1260, -2*f + 1366 = -2*p. What is the greatest common divisor of f and 2584?
136
Let g = 5680 + -5410. Let a(v) = -4*v + 8. Let u be a(-25). What is the greatest common divisor of u and g?
54
Suppose 4*t + 154 = -3*j - 196, 5*j + 4*t = -578. Let a = 228 + j. What is the highest common divisor of a and 19?
19
Let c(d) = d**2 + 226*d - 1353. Let p be c(6). What is the highest common factor of p and 1885?
13
Let m(z) = 34*z**2 - 997*z - 23. Let s be m(36). What is the highest common factor of s and 29?
29
Let l be (2 + -3)*-6 - -402. Suppose -5*r + 3*r + l = 0. Calculate the greatest common divisor of 12 and r.
12
Let q(v) = -19*v - 522. Let p be q(-28). Let b(y) = -y. Let w be b(2). Let n be (22/w)/(3/(-30)). Calculate the greatest common factor of n and p.
10
Suppose 14*a - 480 = 4*a. Let m = 5 + -5. Suppose m = 10*z - 13*z + 36. What is the greatest common factor of a and z?
12
Let w be 1 + 103*14 - (24 + -33). What is the highest common divisor of w and 264?
132
Suppose -89968 + 91158 = h. Calculate the greatest common divisor of 2240 and h.
70
Let l(j) = -8*j**2 - 80*j**3 + 29 + 79*j**3 + 10*j**2. Let f be l(0). What is the highest common divisor of 29 and f?
29
Suppose 0 = -0*k - 13*k + 20270 - 14537. What is the greatest common divisor of k and 8673?
147
Let f be (-3)/7 + 23 + 2711304/84. What is the greatest common factor of f and 95?
95
Let y be (5/(-3))/(3 - (-171)/(-54)). Let c be (-536)/(-18) + 10/45. Let s be 432/c - (-6)/y. Calculate the greatest common divisor of s and 75.
15
Suppose -7368 - 15832 = -40*o. Calculate the greatest common factor of 140 and o.
20
Let z(k) = -14*k + 0 - 27 + 10*k**2 - 2 + 0*k. Let y be z(-4). Calculate the highest common factor of 11 and y.
11
Let o = -2595 - -3906. Suppose 0 = -5*f + 7*w - 12*w + 365, 5*w + 325 = 5*f. What is the highest common factor of f and o?
69
Let w = 345 - 340. Let d(m) = 2*m**2 - 3*m - 22. Let t be d(w). Let q(v) = -10*v - 1. Let b be q(-4). What is the highest common divisor of t and b?
13
Let z be ((-104)/(-78))/((-4)/(-393)). Let n = z - 46. Calculate the greatest common divisor of n and 68.
17
Suppose -2*r - 2367 = -5*r. Suppose 9*j - r = 12*j. Let u = -16 - j. Calculate the greatest common divisor of u and 13.
13
Let l(j) = 45*j 